or of 250 and m?
10
Let t(z) = -48*z + 2790. Let f be t(58). Let d = 1 - -4. Let g = d + -2. What is the highest common divisor of f and g?
3
Suppose -146 = -2*f - 2*u, 0 = -5*f + 6*u - 7*u + 377. Calculate the highest common divisor of f and 1406.
38
Let c = 598 - 366. Suppose -c = -42*j + 1154. Calculate the greatest common factor of j and 429.
33
Let f be 4/(-1 - 374/(-363)). What is the greatest common divisor of 312 and f?
12
Suppose -518*x - t = -519*x + 24, 78 = 3*x - 4*t. Calculate the highest common divisor of 6561 and x.
9
Let s be 1417/5 - 60/(-100). Let a = 7 + -4. Suppose -s = -a*f + 79. What is the greatest common factor of f and 11?
11
Suppose -23*g + 155 = 8*g. Suppose -73 + g = -2*h. Calculate the greatest common factor of 391 and h.
17
Let n = 56 - -250. Suppose -303 + n = 3*h. What is the highest common factor of h and 9?
1
Let d(u) = 530*u + 1360. Let m be d(-2). Calculate the highest common divisor of m and 9900.
300
Let z be 20 - 21 - (-3 - 369 - (3 + -6)). What is the highest common divisor of z and 64?
16
Suppose -h - 1770 = -30*c + 27*c, 3*h = 5*c - 2958. What is the greatest common factor of c and 70?
14
Suppose 52*x - 49*x = -135. Let g = x + 87. Calculate the greatest common factor of g and 98.
14
Let j = 4840 - -5591. What is the greatest common divisor of 19 and j?
19
Suppose -126*o - 53158 = -261*o + 128*o. Calculate the highest common factor of o and 2.
2
Let i(h) = 4*h**2 + 12*h - 10. Let o be i(5). Suppose -15*n + 108 = 3*n. Calculate the highest common divisor of o and n.
6
Let y(g) = 3*g + 60. Let i be y(-21). Let f(c) = 8*c**2 - 4*c. Let j be f(i). What is the highest common divisor of j and 36?
12
Let y(m) = -5*m - 6. Let d be y(-2). Let u = 702 - 582. Calculate the highest common divisor of d and u.
4
Let r(j) = -1602*j + 6705. Let f be r(4). Calculate the greatest common factor of f and 1107.
27
Suppose 2*f + 0*f + 98 = 3*q, 82 = 2*q + 2*f. Suppose 2313 + 2175 = 17*y. Calculate the greatest common factor of y and q.
12
Let t = 14735 - 14731. Let k be 10/(-45) + (-292)/(-18). Calculate the highest common divisor of k and t.
4
Suppose -18*y = 2*a - 19*y - 3011, 5*y - 4523 = -3*a. Let d be -4 - -2*a/12. Calculate the greatest common divisor of d and 13.
13
Suppose 10*i - 2561 + 141 = 0. Calculate the highest common divisor of 44 and i.
22
Let y = -19 + 28. Let z be (-24 + -9)/((-6)/4). Let v(c) = -2*c**2 + 51*c - 37. Let b be v(z). What is the greatest common divisor of b and y?
9
Let l be -3 + 4*(-5)/(-20). Let f be 8 - (3/(-8))/(l/16). Calculate the highest common divisor of 50 and f.
5
Let l = 264 + -268. Let d be (-18)/(-6) - (l + -7). What is the greatest common factor of d and 20?
2
Let x = 25167 - 25069. What is the highest common divisor of x and 4788?
14
Suppose 0 = 570*n - 569*n - 2*m - 110, -4*n + 427 = 5*m. Calculate the greatest common divisor of n and 276.
12
Let f = -19117 + 19143. Calculate the greatest common factor of 106 and f.
2
Let o(i) = 2*i - 2. Let j be o(8). Let c = -7 + j. Suppose 43*p - 40*p - 17 = -5*r, 3*p - 67 = 5*r. Calculate the highest common divisor of c and p.
7
Suppose -5*f = 4*u - 76, 3*f + 2*u - 62 = -f. Let p(a) = -6*a + 8. Let t be p(-28). What is the greatest common divisor of f and t?
16
Suppose 2*x - 4*x + 534 = 9*j, 3*j - 2*x - 186 = 0. What is the highest common factor of j and 3750?
30
Let z be (-5*(9 - 7))/(1*-2). Suppose -a = -23 + z. Calculate the greatest common factor of 2 and a.
2
Suppose -171*l + 367200 = -14*l + 47*l. Calculate the highest common divisor of l and 36.
36
Suppose -b + 24 = -2*u, 253*u = b + 250*u - 22. What is the highest common factor of 3094 and b?
14
Let g = -2598 - -2601. Suppose -304 = -h + 246. Suppose -g*y + 3*s + h = 196, s = -3*y + 362. Calculate the greatest common factor of 15 and y.
15
Let k = -7990 + 8075. Let c = -169 - -356. What is the greatest common factor of c and k?
17
Let z(u) = 5*u**2 - 4*u**3 + 6 + 4 - 3 - 3. Let p be z(-4). Suppose 3*x + 6 = 0, 0 = 5*j + 3*x + 2*x - p. What is the greatest common divisor of j and 14?
14
Let l = 943 + -903. Let z be (-9)/4*40/(-10). Let u be -7 + 8 + 0 + z. What is the highest common divisor of l and u?
10
Suppose -3 = 2*s - 4*c + 9, 3*c = 2*s + 9. Let b be -3 + s - ((0 - -2) + -49). Suppose 2 - b = -7*l. Calculate the greatest common factor of l and 36.
6
Let b(k) = 2*k**2 - 2*k - 17. Suppose -p - 2*m - 11 - 4 = 0, -3*p + 3*m = 0. Let f be b(p). Calculate the greatest common factor of 43 and f.
43
Let i(s) = -2*s**3 + 2*s**2 + 28*s + 41. Let o be i(-5). What is the highest common factor of 27 and o?
3
Let p = 4116 - 4088. Calculate the greatest common divisor of 272 and p.
4
Suppose 0 = 2*g + 6, -5*a + 28 = -5*g - 2. Suppose -5*p - a*h + 337 = 0, 0 = p + 2*p + h - 203. Calculate the highest common factor of 238 and p.
34
Let i(j) = -2*j**3 - 16*j**2 - 22*j - 172. Let y be i(-8). What is the highest common factor of y and 350?
2
Suppose 4*t - 4*n - 12508 = 0, -t + 1623*n = 1627*n - 3102. What is the greatest common divisor of 182 and t?
14
Let s(y) = y**2 + 150. Suppose -12*v + 3*v + 108 = 0. Let n be s(v). Calculate the highest common divisor of n and 63.
21
Suppose -9 - 3 = -6*y. Let j be (7 + -8)*(y + 14*-2). Calculate the greatest common divisor of 14 and j.
2
Suppose 153 = 5*k + p, -36 - 33 = -k - 5*p. What is the highest common factor of k and 51533?
29
Suppose -3*g + 0*g = -24. Let w(y) = 59*y + g*y**2 + 53*y + y**3 - 111*y. Let n be w(-7). What is the greatest common factor of n and 294?
42
Suppose -7 = o - 2. Let q(h) = 26*h + 36. Let m be q(o). Let r = 164 + m. What is the highest common factor of 35 and r?
35
Suppose 20*n = 5*n + 39480. Let v be n/(-35) - (2 + (-22)/10). Let a = 273 + v. Calculate the greatest common divisor of 22 and a.
22
Suppose 5*n = g + 50168, 94*g - 95*g = 3*n - 30088. Calculate the greatest common divisor of n and 264.
264
Suppose -17*w = -31*w + 28*w - 98. What is the greatest common divisor of 45185 and w?
7
Let h = 9709 + -7300. What is the greatest common divisor of 219 and h?
219
Suppose 3 + 9 = 6*t. Let z be (8/8)/(1/2). Calculate the greatest common divisor of t and z.
2
Suppose j = 4*j - 240. Let l = 199 - 139. Let k be ((-4)/4)/((-3)/l). Calculate the highest common divisor of k and j.
20
Suppose 2*i = 25 + 7. Let x = 249 + -249. Suppose 0 = 2*r + 3*m - 212, -4*r + x*m + 4*m + 464 = 0. Calculate the highest common divisor of i and r.
16
Suppose -7*i + 2*i + 95 = 0. Let w = 57 - 53. Suppose -2*p = -5*h + 1053, -423 = -w*h - p + 409. What is the highest common divisor of h and i?
19
Let m = 22487 + -18010. What is the greatest common divisor of 1089 and m?
121
Let j(c) = 3*c**3 - 8*c**2 - 3*c - 6. Let w be j(3). Let s be (-1)/1*(-54 + w). What is the highest common factor of s and 45?
15
Let q = -28 + 0. Let g be 2*(-18)/4*q. What is the highest common divisor of 72 and g?
36
Let m(a) = 66*a + 16. Let l be m(0). What is the highest common factor of l and 19192?
8
Suppose 7692*s - 20544 = 7680*s. Calculate the greatest common factor of 272 and s.
16
Suppose -1390 = -67*m + 1223. Suppose 27*y = m*y - 1848. Calculate the highest common divisor of 28 and y.
14
Let g be (6/(-7))/((-6)/28). Suppose -5*p + p - 300 = -4*j, -20 = -g*p. Let c be ((-8)/6)/(2 + (1617/270 - 8)). Calculate the highest common divisor of c and j.
40
Let g(d) = 6*d - 5. Let j be g(7). Suppose 0 = 14*q - 252 - 32 - 234. What is the highest common factor of j and q?
37
Let b be 176624/9 - 24/(-216). What is the highest common factor of b and 125?
125
Suppose -16*o + 11*o = -40. Let z be (-1 - 9/(-5))/(10/(-350)). Let r be 730/7 + 8/z. Calculate the highest common factor of r and o.
8
Let g(u) = u**2 - 10*u - 158. Let l be g(19). What is the greatest common factor of l and 73?
1
Suppose -5*p + 3*q - 15 = 0, 9 + 11 = 4*p + 4*q. Suppose p = -28*t - 306 + 1062. What is the greatest common divisor of 297 and t?
27
Suppose 5*t = 279 - 19. Let j = -1145 - -796. Let p = j + 479. Calculate the highest common factor of p and t.
26
Suppose -25 + 73 = 3*w. Suppose i + 1513 = 83*q - 88*q, q - 4*i + 290 = 0. Let j = q - -390. What is the highest common factor of w and j?
8
Let k = -141955 - -141956. Suppose w + 3*w = 44. Calculate the highest common divisor of w and k.
1
Suppose -5 - 13